{"id":559,"date":"2020-08-13T10:38:45","date_gmt":"2020-08-13T08:38:45","guid":{"rendered":"https:\/\/www.capvertical.com\/?page_id=559"},"modified":"2020-09-19T14:23:58","modified_gmt":"2020-09-19T12:23:58","slug":"aerial-videos","status":"publish","type":"page","link":"https:\/\/www.capvertical.com\/en\/aerial-videos\/","title":{"rendered":"Aerial videos"},"content":{"rendered":"\n<div class=\"wp-block-columns is-layout-flex wp-container-core-columns-is-layout-9d6595d7 wp-block-columns-is-layout-flex\">\n<div class=\"wp-block-column is-layout-flow wp-block-column-is-layout-flow\" style=\"flex-basis:66.66%\">\n<figure class=\"wp-block-embed-vimeo wp-block-embed is-type-video is-provider-vimeo wp-embed-aspect-16-9 wp-has-aspect-ratio\"><div class=\"wp-block-embed__wrapper\">\n<iframe loading=\"lazy\" title=\"Pau vue du ciel et confin&amp;eacute;e - 2020\" src=\"https:\/\/player.vimeo.com\/video\/407984824?dnt=1&amp;app_id=122963\" width=\"1200\" height=\"675\" frameborder=\"0\" allow=\"autoplay; fullscreen\" allowfullscreen><\/iframe>\n<\/div><\/figure>\n<\/div>\n\n\n\n<div class=\"wp-block-column is-vertically-aligned-center is-layout-flow wp-block-column-is-layout-flow\" style=\"flex-basis:33.33%\">\n<h2 class=\"wp-block-heading\">Pau confined \/ Full video<\/h2>\n\n\n\n<p>Aerial shooting operate with an Inspire 2, DJI.<\/p>\n\n\n\n<p>Famous Palais Beaumont, boulevard des Pyr\u00e9n\u00e9es, Ch\u00e2teau de Pau, palais des Pyr\u00e9n\u00e9es et others mythical places.<\/p>\n<\/div>\n<\/div>\n\n\n\n<div class=\"wp-block-columns is-layout-flex wp-container-core-columns-is-layout-9d6595d7 wp-block-columns-is-layout-flex\">\n<div class=\"wp-block-column is-vertically-aligned-center is-layout-flow wp-block-column-is-layout-flow\" style=\"flex-basis:33.33%\">\n<h2 class=\"wp-block-heading\">Wind turbines \/ Preview<\/h2>\n\n\n\n<p>Aerial shooting in drone in north of France.<\/p>\n<\/div>\n\n\n\n<div class=\"wp-block-column is-layout-flow wp-block-column-is-layout-flow\" style=\"flex-basis:66.66%\">\n<figure class=\"wp-block-embed-vimeo wp-block-embed is-type-video is-provider-vimeo wp-embed-aspect-16-9 wp-has-aspect-ratio\"><div class=\"wp-block-embed__wrapper\">\n<iframe loading=\"lazy\" title=\"Les &amp;eacute;oliennes du Pas de Calais\" src=\"https:\/\/player.vimeo.com\/video\/396483478?dnt=1&amp;app_id=122963\" width=\"1200\" height=\"675\" frameborder=\"0\" allow=\"autoplay; fullscreen\" allowfullscreen><\/iframe>\n<\/div><\/figure>\n<\/div>\n<\/div>\n\n\n\n<div class=\"wp-block-columns is-layout-flex wp-container-core-columns-is-layout-9d6595d7 wp-block-columns-is-layout-flex\">\n<div class=\"wp-block-column is-layout-flow wp-block-column-is-layout-flow\" style=\"flex-basis:66.66%\">\n<figure class=\"wp-block-embed-vimeo wp-block-embed is-type-video is-provider-vimeo wp-embed-aspect-16-9 wp-has-aspect-ratio\"><div class=\"wp-block-embed__wrapper\">\n<iframe loading=\"lazy\" title=\"Les vignobles du domaine Nigri\" src=\"https:\/\/player.vimeo.com\/video\/298461778?dnt=1&amp;app_id=122963\" width=\"1200\" height=\"675\" frameborder=\"0\" allow=\"autoplay; fullscreen\" allowfullscreen><\/iframe>\n<\/div><\/figure>\n<\/div>\n\n\n\n<div class=\"wp-block-column is-vertically-aligned-center is-layout-flow wp-block-column-is-layout-flow\" style=\"flex-basis:33.33%\">\n<h2 class=\"wp-block-heading\">Vineyard aerea Nigri \/ Preview<\/h2>\n\n\n\n<p>Aerial shooting in drone in vineyard area Nigri in Monein (Pyr\u00e9n\u00e9es-Atlantiques), a Juran\u00e7on producer.<\/p>\n<\/div>\n<\/div>\n\n\n\n<div class=\"wp-block-columns is-layout-flex wp-container-core-columns-is-layout-9d6595d7 wp-block-columns-is-layout-flex\">\n<div class=\"wp-block-column is-vertically-aligned-center is-layout-flow wp-block-column-is-layout-flow\" style=\"flex-basis:33.33%\">\n<h2 class=\"wp-block-heading\">Fabr\u00e8ges Lake \/ Preview<\/h2>\n\n\n\n<p>Aerial shooting in drone and embedded camera, in Ossau Valley (Pyr\u00e9n\u00e9es-Atlantiques).<\/p>\n<\/div>\n\n\n\n<div class=\"wp-block-column is-layout-flow wp-block-column-is-layout-flow\" style=\"flex-basis:66.66%\">\n<figure class=\"wp-block-embed-vimeo wp-block-embed is-type-video is-provider-vimeo wp-embed-aspect-16-9 wp-has-aspect-ratio\"><div class=\"wp-block-embed__wrapper\">\n<iframe loading=\"lazy\" title=\"Le Lac de Fabr&amp;egrave;ges\" src=\"https:\/\/player.vimeo.com\/video\/271317143?dnt=1&amp;app_id=122963\" width=\"1200\" height=\"675\" frameborder=\"0\" allow=\"autoplay; fullscreen\" allowfullscreen><\/iframe>\n<\/div><\/figure>\n<\/div>\n<\/div>\n\n\n\n<div class=\"wp-block-columns is-layout-flex wp-container-core-columns-is-layout-9d6595d7 wp-block-columns-is-layout-flex\">\n<div class=\"wp-block-column is-layout-flow wp-block-column-is-layout-flow\" style=\"flex-basis:66.66%\">\n<figure class=\"wp-block-embed-vimeo wp-block-embed is-type-video is-provider-vimeo wp-embed-aspect-16-9 wp-has-aspect-ratio\"><div class=\"wp-block-embed__wrapper\">\n<iframe loading=\"lazy\" title=\"La passerelle d&#039;Holzarte\" src=\"https:\/\/player.vimeo.com\/video\/270756104?dnt=1&amp;app_id=122963\" width=\"1200\" height=\"675\" frameborder=\"0\" allow=\"autoplay; fullscreen\" allowfullscreen><\/iframe>\n<\/div><\/figure>\n<\/div>\n\n\n\n<div class=\"wp-block-column is-vertically-aligned-center is-layout-flow wp-block-column-is-layout-flow\" style=\"flex-basis:33.33%\">\n<h2 class=\"wp-block-heading\">Holzarte bridge \/ Preview<\/h2>\n\n\n\n<p>Aerial shooting in drone, Phantom 4 Pro, in Holzarte (Pyr\u00e9n\u00e9es-Atlantiques).<\/p>\n<\/div>\n<\/div>\n\n\n\n<div class=\"wp-block-columns is-layout-flex wp-container-core-columns-is-layout-9d6595d7 wp-block-columns-is-layout-flex\">\n<div class=\"wp-block-column is-vertically-aligned-center is-layout-flow wp-block-column-is-layout-flow\" style=\"flex-basis:33.33%\">\n<h2 class=\"wp-block-heading\">Saint Just de Valcabr\u00e8re \/ Preview<\/h2>\n\n\n\n<p>Aerial shooting in drone around the Basilica Saint Just de Valcabr\u00e8re, in Comminges (Haute Garonne).<\/p>\n<\/div>\n\n\n\n<div class=\"wp-block-column is-layout-flow wp-block-column-is-layout-flow\" style=\"flex-basis:66.66%\">\n<figure class=\"wp-block-embed-vimeo wp-block-embed is-type-video is-provider-vimeo wp-embed-aspect-16-9 wp-has-aspect-ratio\"><div class=\"wp-block-embed__wrapper\">\n<iframe loading=\"lazy\" title=\"La basilique de St Just de Valcabr&amp;egrave;re\" src=\"https:\/\/player.vimeo.com\/video\/269860976?dnt=1&amp;app_id=122963\" width=\"1200\" height=\"675\" frameborder=\"0\" allow=\"autoplay; fullscreen\" allowfullscreen><\/iframe>\n<\/div><\/figure>\n<\/div>\n<\/div>\n\n\n\n<div style=\"height:100px\" aria-hidden=\"true\" class=\"wp-block-spacer\"><\/div>\n","protected":false},"excerpt":{"rendered":"<p>Pau confined \/ Full video Aerial shooting operate with an Inspire 2, DJI. Famous Palais Beaumont, boulevard des Pyr\u00e9n\u00e9es, Ch\u00e2teau de Pau, palais des Pyr\u00e9n\u00e9es et others mythical places. Wind turbines \/ Preview Aerial shooting in drone in north of France. Vineyard aerea Nigri \/ Preview Aerial shooting in drone [&hellip;]<\/p>\n","protected":false},"author":1,"featured_media":1062,"parent":0,"menu_order":0,"comment_status":"closed","ping_status":"closed","template":"","meta":{"_acf_changed":false,"_seopress_robots_primary_cat":"","_seopress_titles_title":"","_seopress_titles_desc":"","_seopress_robots_index":"","footnotes":""},"class_list":["post-559","page","type-page","status-publish","has-post-thumbnail","hentry"],"acf":[],"_links":{"self":[{"href":"https:\/\/www.capvertical.com\/en\/wp-json\/wp\/v2\/pages\/559","targetHints":{"allow":["GET"]}}],"collection":[{"href":"https:\/\/www.capvertical.com\/en\/wp-json\/wp\/v2\/pages"}],"about":[{"href":"https:\/\/www.capvertical.com\/en\/wp-json\/wp\/v2\/types\/page"}],"author":[{"embeddable":true,"href":"https:\/\/www.capvertical.com\/en\/wp-json\/wp\/v2\/users\/1"}],"replies":[{"embeddable":true,"href":"https:\/\/www.capvertical.com\/en\/wp-json\/wp\/v2\/comments?post=559"}],"version-history":[{"count":0,"href":"https:\/\/www.capvertical.com\/en\/wp-json\/wp\/v2\/pages\/559\/revisions"}],"wp:featuredmedia":[{"embeddable":true,"href":"https:\/\/www.capvertical.com\/en\/wp-json\/wp\/v2\/media\/1062"}],"wp:attachment":[{"href":"https:\/\/www.capvertical.com\/en\/wp-json\/wp\/v2\/media?parent=559"}],"curies":[{"name":"wp","href":"https:\/\/api.w.org\/{rel}","templated":true}]}}

<div class="wp-block-columns is-layout-flex wp-container-core-columns-is-layout-9d6595d7 wp-block-columns-is-layout-flex">
<div class="wp-block-column is-layout-flow wp-block-column-is-layout-flow" style="flex-basis:66.66%">
<figure class="wp-block-embed-vimeo wp-block-embed is-type-video is-provider-vimeo wp-embed-aspect-16-9 wp-has-aspect-ratio"><div class="wp-block-embed__wrapper">
<iframe loading="lazy" title="Pau vue du ciel et confin&amp;eacute;e - 2020" src="https://player.vimeo.com/video/407984824?dnt=1&amp;app_id=122963" width="1200" height="675" frameborder="0" allow="autoplay; fullscreen" allowfullscreen></iframe>
</div></figure>
</div>



<div class="wp-block-column is-vertically-aligned-center is-layout-flow wp-block-column-is-layout-flow" style="flex-basis:33.33%">
<h2 class="wp-block-heading">Pau confined / Full video</h2>



<p>Aerial shooting operate with an Inspire 2, DJI.</p>



<p>Famous Palais Beaumont, boulevard des Pyrénées, Château de Pau, palais des Pyrénées et others mythical places.</p>
</div>
</div>



<div class="wp-block-columns is-layout-flex wp-container-core-columns-is-layout-9d6595d7 wp-block-columns-is-layout-flex">
<div class="wp-block-column is-vertically-aligned-center is-layout-flow wp-block-column-is-layout-flow" style="flex-basis:33.33%">
<h2 class="wp-block-heading">Wind turbines / Preview</h2>



<p>Aerial shooting in drone in north of France.</p>
</div>



<div class="wp-block-column is-layout-flow wp-block-column-is-layout-flow" style="flex-basis:66.66%">
<figure class="wp-block-embed-vimeo wp-block-embed is-type-video is-provider-vimeo wp-embed-aspect-16-9 wp-has-aspect-ratio"><div class="wp-block-embed__wrapper">
<iframe loading="lazy" title="Les &amp;eacute;oliennes du Pas de Calais" src="https://player.vimeo.com/video/396483478?dnt=1&amp;app_id=122963" width="1200" height="675" frameborder="0" allow="autoplay; fullscreen" allowfullscreen></iframe>
</div></figure>
</div>
</div>



<div class="wp-block-columns is-layout-flex wp-container-core-columns-is-layout-9d6595d7 wp-block-columns-is-layout-flex">
<div class="wp-block-column is-layout-flow wp-block-column-is-layout-flow" style="flex-basis:66.66%">
<figure class="wp-block-embed-vimeo wp-block-embed is-type-video is-provider-vimeo wp-embed-aspect-16-9 wp-has-aspect-ratio"><div class="wp-block-embed__wrapper">
<iframe loading="lazy" title="Les vignobles du domaine Nigri" src="https://player.vimeo.com/video/298461778?dnt=1&amp;app_id=122963" width="1200" height="675" frameborder="0" allow="autoplay; fullscreen" allowfullscreen></iframe>
</div></figure>
</div>



<div class="wp-block-column is-vertically-aligned-center is-layout-flow wp-block-column-is-layout-flow" style="flex-basis:33.33%">
<h2 class="wp-block-heading">Vineyard aerea Nigri / Preview</h2>



<p>Aerial shooting in drone in vineyard area Nigri in Monein (Pyrénées-Atlantiques), a Jurançon producer.</p>
</div>
</div>



<div class="wp-block-columns is-layout-flex wp-container-core-columns-is-layout-9d6595d7 wp-block-columns-is-layout-flex">
<div class="wp-block-column is-vertically-aligned-center is-layout-flow wp-block-column-is-layout-flow" style="flex-basis:33.33%">
<h2 class="wp-block-heading">Fabrèges Lake / Preview</h2>



<p>Aerial shooting in drone and embedded camera, in Ossau Valley (Pyrénées-Atlantiques).</p>
</div>



<div class="wp-block-column is-layout-flow wp-block-column-is-layout-flow" style="flex-basis:66.66%">
<figure class="wp-block-embed-vimeo wp-block-embed is-type-video is-provider-vimeo wp-embed-aspect-16-9 wp-has-aspect-ratio"><div class="wp-block-embed__wrapper">
<iframe loading="lazy" title="Le Lac de Fabr&amp;egrave;ges" src="https://player.vimeo.com/video/271317143?dnt=1&amp;app_id=122963" width="1200" height="675" frameborder="0" allow="autoplay; fullscreen" allowfullscreen></iframe>
</div></figure>
</div>
</div>



<div class="wp-block-columns is-layout-flex wp-container-core-columns-is-layout-9d6595d7 wp-block-columns-is-layout-flex">
<div class="wp-block-column is-layout-flow wp-block-column-is-layout-flow" style="flex-basis:66.66%">
<figure class="wp-block-embed-vimeo wp-block-embed is-type-video is-provider-vimeo wp-embed-aspect-16-9 wp-has-aspect-ratio"><div class="wp-block-embed__wrapper">
<iframe loading="lazy" title="La passerelle d&#039;Holzarte" src="https://player.vimeo.com/video/270756104?dnt=1&amp;app_id=122963" width="1200" height="675" frameborder="0" allow="autoplay; fullscreen" allowfullscreen></iframe>
</div></figure>
</div>



<div class="wp-block-column is-vertically-aligned-center is-layout-flow wp-block-column-is-layout-flow" style="flex-basis:33.33%">
<h2 class="wp-block-heading">Holzarte bridge / Preview</h2>



<p>Aerial shooting in drone, Phantom 4 Pro, in Holzarte (Pyrénées-Atlantiques).</p>
</div>
</div>



<div class="wp-block-columns is-layout-flex wp-container-core-columns-is-layout-9d6595d7 wp-block-columns-is-layout-flex">
<div class="wp-block-column is-vertically-aligned-center is-layout-flow wp-block-column-is-layout-flow" style="flex-basis:33.33%">
<h2 class="wp-block-heading">Saint Just de Valcabrère / Preview</h2>



<p>Aerial shooting in drone around the Basilica Saint Just de Valcabrère, in Comminges (Haute Garonne).</p>
</div>



<div class="wp-block-column is-layout-flow wp-block-column-is-layout-flow" style="flex-basis:66.66%">
<figure class="wp-block-embed-vimeo wp-block-embed is-type-video is-provider-vimeo wp-embed-aspect-16-9 wp-has-aspect-ratio"><div class="wp-block-embed__wrapper">
<iframe loading="lazy" title="La basilique de St Just de Valcabr&amp;egrave;re" src="https://player.vimeo.com/video/269860976?dnt=1&amp;app_id=122963" width="1200" height="675" frameborder="0" allow="autoplay; fullscreen" allowfullscreen></iframe>
</div></figure>
</div>
</div>



<div style="height:100px" aria-hidden="true" class="wp-block-spacer"></div>

<p>Pau confined / Full video Aerial shooting operate with an Inspire 2, DJI. Famous Palais Beaumont, boulevard des Pyrénées, Château de Pau, palais des Pyrénées et others mythical places. Wind turbines / Preview Aerial shooting in drone in north of France. Vineyard aerea Nigri / Preview Aerial shooting in drone [&hellip;]</p>
